 composite number?
False
Is 79579 prime?
True
Is 1889051 a composite number?
False
Is 102139 a prime number?
True
Is 141385 a prime number?
False
Is 39659 a prime number?
True
Is 81281 composite?
False
Is 86161 composite?
False
Is 1382 composite?
True
Is 57777 a prime number?
False
Is 16327 composite?
True
Is 395701 prime?
True
Is 27717 a prime number?
False
Is 134473 composite?
True
Is 101863 composite?
False
Is 4241 a composite number?
False
Is 6817 a composite number?
True
Is 92693 prime?
True
Is 12731 composite?
True
Is 2434 a composite number?
True
Is 10037 a composite number?
False
Is 593117 composite?
True
Is 859549 prime?
False
Is 2251 a prime number?
True
Is 2009423 a composite number?
True
Is 2819 a composite number?
False
Is 155197 a composite number?
True
Is 168247 prime?
True
Is 126305 prime?
False
Is 70717 composite?
False
Is 3314 a composite number?
True
Is 10441 a composite number?
True
Is 21 a composite number?
True
Is 256015 composite?
True
Is 62435 a prime number?
False
Is 312947 composite?
True
Is 3607 a composite number?
False
Is 39859 composite?
True
Is 7981 a prime number?
False
Is 81583 composite?
True
Is 222193 a prime number?
True
Is 17257 a composite number?
False
Is 206177 prime?
True
Is 1277 composite?
False
Is 635395 a prime number?
False
Is 25735 a prime number?
False
Is 447 a composite number?
True
Is 77123 a composite number?
True
Is 696653 a prime number?
True
Is 65563 a composite number?
False
Is 3193 a prime number?
False
Is 4808393 a prime number?
True
Is 4703 composite?
False
Is 4295873 prime?
False
Is 49597 a prime number?
True
Is 116887 prime?
False
Is 651601 a prime number?
False
Is 802279 a prime number?
True
Is 1561 a composite number?
True
Is 587 composite?
False
Is 95369 a prime number?
True
Is 131545 prime?
False
Is 227849 prime?
True
Is 69133 a prime number?
False
Is 12193 composite?
True
Is 8727 a composite number?
True
Is 385001 a composite number?
False
Is 28709 composite?
True
Is 486023 a composite number?
False
Is 2893951 composite?
False
Is 41611 a composite number?
False
Is 397939 composite?
False
Is 19715 composite?
True
Is 879 composite?
True
Is 163067 prime?
False
Is 325711 a composite number?
True
Is 5033 composite?
True
Is 656219 a composite number?
True
Is 67717 a composite number?
True
Is 890107 a composite number?
False
Is 17449 a prime number?
True
Is 28563 a composite number?
True
Is 447053 a prime number?
True
Is 10063 a prime number?
False
Is 124897 a composite number?
False
Is 10649 a prime number?
False
Is 28901 a prime number?
True
Is 15991 prime?
True
Is 143131 a prime number?
False
Is 142729 a composite number?
True
Is 59939 a composite number?
True
Is 567893 a prime number?
False
Is 10807 a prime number?
False
Is 346039 a composite number?
False
Is 27217 a prime number?
False
Is 2773 prime?
False
Is 24493 a composite number?
True
Is 139151 prime?
False
Is 10589 composite?
False
Is 119807 prime?
False
Is 611371 prime?
False
Is 187531 composite?
False
Is 397039 composite?
True
Is 20527 prime?
False
Is 22177 composite?
True
Is 810949 composite?
False
Is 12981 composite?
True
Is 541 a composite number?
False
Is 683959 composite?
True
Is 25013 prime?
True
Is 13859 prime?
True
Is 269 a composite number?
False
Is 6131 composite?
False
Is 23261 composite?
True
Is 584813 prime?
False
Is 494491 a composite number?
True
Is 479131 prime?
True
Is 97547 a composite number?
False
Is 180227 a prime number?
False
Is 117797 prime?
True
Is 57083 a composite number?
True
Is 59743 a composite number?
False
Is 4201 prime?
True
Is 93641 a prime number?
False
Is 32411 prime?
True
Is 12151 composite?
True
Is 30741 a composite number?
True
Is 13263 composite?
True
Is 91331 prime?
True
Is 13613 prime?
True
Is 31769 prime?
True
Is 698939 prime?
True
Is 201309 composite?
True
Is 379 a prime number?
True
Is 34097 composite?
True
Is 1997107 a prime number?
False
Is 17035 prime?
False
Is 8903 prime?
False
Is 1791077 a composite number?
False
Is 470395 prime?
False
Is 8065 a composite number?
True
Is 58801 composite?
True
Is 64331 a composite number?
True
Is 2459 composite?
False
Is 365611 prime?
True
Is 244583 prime?
True
Is 967 a composite number?
False
Is 27161 a composite number?
True
Is 83983 composite?
False
Is 602606 a composite number?
True
Is 702605 a prime number?
False
Is 184897 prime?
False
Is 122981 prime?
False
Is 1291 a prime number?
True
Is 29833 composite?
False
Is 203891 a prime number?
False
Is 222401 prime?
False
Is 54227 prime?
False
Is 3581 a composite number?
False
Is 19547 a composite number?
True
Is 222659 a composite number?
False
Is 102437 composite?
False
Is 10007 composite?
False
Is 90377 prime?
False
Is 3377 prime?
False
Is 312041 a composite number?
True
Is 15497 composite?
False
Is 14969 composite?
False
Is 6833 prime?
True
Is 124457 a composite number?
True
Is 68321 a prime number?
False
Is 1313 a prime number?
False
Is 6982 a prime number?
False
Is 72989 composite?
True
Is 5969 prime?
False
Is 410887 a composite number?
True
Is 39571 prime?
False
Is 2182195 a composite number?
True
Is 1319 a prime number?
True
Is 116953 prime?
True
Is 6299 prime?
True
Is 10427 composite?
False
Is 2133519 composite?
True
Is 154555 a composite number?
True
Is 61331 prime?
True
Is 1171631 a prime number?
False
Is 38149 prime?
True
Is 45743 prime?
False
Is 19121 a composite number?
False
Is 37402 a prime number?
False
Is 82837 composite?
False
Is 159623 prime?
True
Is 94873 composite?
False
Is 723257 a prime number?
True
Is 40307 composite?
True
Is 17905 a composite number?
True
Is 98639 composite?
False
Is 24691 prime?
True
Is 578285 prime?
False
Is 42277 a prime number?
False
Is 494809 a composite number?
True
Is 502927 a prime number?
False
Is 38987 a prime number?
False
Is 556717 a prime number?
False
Is 1901 a prime number?
True
Is 2161247 composite?
True
Is 1314047 composite?
True
Is 8147 a composite number?
False
Is 385631 a composite number?
False
Is 42649 a composite number?
False
Is 5753 a composite number?
True
Is 34249 composite?
True
Is 26797 composite?
True
Is 821 prime?
True
Is 140023 composite?
True
Is 28127 a composite number?
True
Is 44903 prime?
False
Is 1335963 composite?
True
Is 129707 prime?
True
Is 100043 composite?
False
Is 13814 composite?
True
Is 83365 a prime number?
False
Is 565633 a prime number?
False
Is 896479 composite?
False
Is 29651 prime?
False
Is 177043 a prime number?
True
Is 8287 a composite number?
False
Is 6997 composite?
False
Is 4361749 a prime number?
False
Is 556007 prime?
True
Is 31945 composite?
True
Is 20429 composite?
True
Is 80341 a composite number?
False
Is 1045753 a prime number?
False
Is 3589 composite?
True
Is 428951 a composite number?
False
Is 32919 composite?
True
Is 32273 composite?
True
Is 55069 a composite number?
True
Is 10943 a prime number?
False
Is 279173 a prime number?
True
Is 1195543 composite?
False
Is 33871 a composite number?
False
Is 63373 a prime number?
False
Is 187591 a prime number?
False
Is 172303 composite?
True
Is 290357 a prime number?
False
Is 41717 a composite number?
True
Is 52067 composite?
False
Is 194617 a prime number?
False
Is 1192271 a prime number?
True
Is 10967 composite?
True
Is 25706 a prime number?
False
Is 40451 a composite number?
True
Is 19322 composite?
True
Is 301091 a prime number?
False
Is 60659 a prime number?
True
Is 468914 composite?
True
Is 6299 composite?
False
Is 16361 prime?
True
Is 10757 composite?
True
Is 15421 a prime number?
False
Is 5737 a prime number?
True
Is 35339 prime?
True
Is 8431 a composite number?
False
Is 5347 composite?
False
Is 82913 composite?
False
Is 122693 a composite number?
False
Is 673 prime?
True
Is 63001 composite?
True
Is 271037 prime?
False
Is 270121 a prime number?
True
Is 403 a prime number?
False
Is 7621 a prime number?
True
Is 4709 composite?
True
Is 91753 prime?
True
Is 175211 a composite number?
False
Is 20467 a prime number?
False
Is 34555 a composite number?
True
Is 12301 a prime number?
True
Is 57721 a composite number?
True
Is 112929 a prime number?
False
Is 4852039 a composite number?
False
Is 34253 a composite number?
False
Is 319885 prime?
False
Is 89923 composite?
False
Is 203707 composite?
True
Is 27361 a prime number?
True
Is 968641 a prim